{"id":2,"date":"2025-01-02T19:15:52","date_gmt":"2025-01-02T19:15:52","guid":{"rendered":"https:\/\/seemonster.ch\/?page_id=2"},"modified":"2025-01-06T15:48:30","modified_gmt":"2025-01-06T15:48:30","slug":"semonster","status":"publish","type":"page","link":"https:\/\/seemonster.ch\/","title":{"rendered":"Das Scherzinger Seemonster"},"content":{"rendered":"\n<p>In den dunklen, unergr\u00fcndlichen Tiefen des Nebelmeeres im Thurgau, wo das Licht der Sonne nie die Oberfl\u00e4che durchbricht, lebt eine Kreatur, deren blo\u00dfer Name die Herzen der Seefahrer in Angst versetzt: das Sk\u00f6lli.<\/p>\n\n\n\n<figure class=\"wp-block-image size-full\"><img loading=\"lazy\" decoding=\"async\" width=\"1024\" height=\"1024\" src=\"https:\/\/seemonster.ch\/wp-content\/uploads\/2025\/01\/seemonster.png\" alt=\"\" class=\"wp-image-8\" srcset=\"https:\/\/seemonster.ch\/wp-content\/uploads\/2025\/01\/seemonster.png 1024w, https:\/\/seemonster.ch\/wp-content\/uploads\/2025\/01\/seemonster-300x300.png 300w, https:\/\/seemonster.ch\/wp-content\/uploads\/2025\/01\/seemonster-150x150.png 150w, https:\/\/seemonster.ch\/wp-content\/uploads\/2025\/01\/seemonster-768x768.png 768w\" sizes=\"auto, (max-width: 1024px) 100vw, 1024px\" \/><\/figure>\n\n\n\n<p>Sein massiger Leib, von Narben gezeichnet, ragt wie ein lebendiger Alptraum aus dem Wasser, seine Augen gl\u00fchen kalt wie Eis. Legenden erz\u00e4hlen von gesunkenen Schiffen, von mutigen M\u00e4nnern, die niemals heimkehrten, und von St\u00fcrmen, die das Monster mit einem einzigen Br\u00fcllen heraufbeschwor. Doch was niemand ahnt: Tief unter den Schuppen und dem grollenden \u00c4u\u00dferen schlummert ein Wesen, das mehr mit den Menschen gemein hat, als sie je glauben w\u00fcrden. Es ist kein J\u00e4ger, kein Zerst\u00f6rer \u2013 sondern ein Besch\u00fctzer, gefangen in einem uralten Fluch.<\/p>\n\n\n\n<p><\/p>\n","protected":false},"excerpt":{"rendered":"<p>In den dunklen, unergr\u00fcndlichen Tiefen des Nebelmeeres im Thurgau, wo das Licht der Sonne nie die Oberfl\u00e4che durchbricht, lebt eine Kreatur, deren blo\u00dfer Name die Herzen der Seefahrer in Angst versetzt: das Sk\u00f6lli. Sein massiger Leib, von Narben gezeichnet, ragt wie ein lebendiger Alptraum aus dem Wasser, seine Augen gl\u00fchen kalt wie Eis. Legenden erz\u00e4hlen [&hellip;]<\/p>\n","protected":false},"author":1,"featured_media":0,"parent":0,"menu_order":0,"comment_status":"closed","ping_status":"closed","template":"","meta":{"footnotes":""},"class_list":["post-2","page","type-page","status-publish","hentry"],"_links":{"self":[{"href":"https:\/\/seemonster.ch\/index.php?rest_route=\/wp\/v2\/pages\/2","targetHints":{"allow":["GET"]}}],"collection":[{"href":"https:\/\/seemonster.ch\/index.php?rest_route=\/wp\/v2\/pages"}],"about":[{"href":"https:\/\/seemonster.ch\/index.php?rest_route=\/wp\/v2\/types\/page"}],"author":[{"embeddable":true,"href":"https:\/\/seemonster.ch\/index.php?rest_route=\/wp\/v2\/users\/1"}],"replies":[{"embeddable":true,"href":"https:\/\/seemonster.ch\/index.php?rest_route=%2Fwp%2Fv2%2Fcomments&post=2"}],"version-history":[{"count":3,"href":"https:\/\/seemonster.ch\/index.php?rest_route=\/wp\/v2\/pages\/2\/revisions"}],"predecessor-version":[{"id":16,"href":"https:\/\/seemonster.ch\/index.php?rest_route=\/wp\/v2\/pages\/2\/revisions\/16"}],"wp:attachment":[{"href":"https:\/\/seemonster.ch\/index.php?rest_route=%2Fwp%2Fv2%2Fmedia&parent=2"}],"curies":[{"name":"wp","href":"https:\/\/api.w.org\/{rel}","templated":true}]}}